{"id":95,"date":"2020-09-30T01:56:53","date_gmt":"2020-09-30T01:56:53","guid":{"rendered":"https:\/\/dekaz.net\/gpftk\/?page_id=95"},"modified":"2025-09-23T18:07:06","modified_gmt":"2025-09-23T18:07:06","slug":"gpftk","status":"publish","type":"page","link":"https:\/\/greenpleaseforthekids.org\/en\/gpftk\/","title":{"rendered":"GPFTK"},"content":{"rendered":"<p>[et_pb_section fb_built=\u00bb1&#8243; _builder_version=\u00bb4.16&#8243; _module_preset=\u00bbdefault\u00bb background_enable_color=\u00bboff\u00bb custom_padding=\u00bb1px||0px|||\u00bb da_disable_devices=\u00bboff|off|off\u00bb global_colors_info=\u00bb{}\u00bb da_is_popup=\u00bboff\u00bb da_exit_intent=\u00bboff\u00bb da_has_close=\u00bbon\u00bb da_alt_close=\u00bboff\u00bb da_dark_close=\u00bboff\u00bb da_not_modal=\u00bbon\u00bb da_is_singular=\u00bboff\u00bb da_with_loader=\u00bboff\u00bb da_has_shadow=\u00bbon\u00bb][et_pb_row make_equal=\u00bbon\u00bb _builder_version=\u00bb4.16&#8243; _module_preset=\u00bbdefault\u00bb custom_padding=\u00bb||3px|||\u00bb global_colors_info=\u00bb{}\u00bb][et_pb_column type=\u00bb4_4&#8243; _builder_version=\u00bb4.16&#8243; _module_preset=\u00bbdefault\u00bb global_colors_info=\u00bb{}\u00bb][et_pb_text _builder_version=\u00bb4.16&#8243; _module_preset=\u00bbdefault\u00bb header_font=\u00bb|||on|||||\u00bb header_font_size=\u00bb42px\u00bb global_colors_info=\u00bb{}\u00bb]<\/p>\n<h1>Green Please for the Kids<\/h1>\n<p>[\/et_pb_text][\/et_pb_column][\/et_pb_row][\/et_pb_section][et_pb_section fb_built=\u00bb1&#8243; _builder_version=\u00bb4.16&#8243; _module_preset=\u00bbdefault\u00bb background_image=\u00bbhttps:\/\/greenpleaseforthekids.org\/wp-content\/uploads\/2020\/09\/sol-gp.png\u00bb background_size=\u00bbinitial\u00bb background_position=\u00bbbottom_right\u00bb custom_padding=\u00bb1px|||||\u00bb da_disable_devices=\u00bboff|off|off\u00bb global_colors_info=\u00bb{}\u00bb da_is_popup=\u00bboff\u00bb da_exit_intent=\u00bboff\u00bb da_has_close=\u00bbon\u00bb da_alt_close=\u00bboff\u00bb da_dark_close=\u00bboff\u00bb da_not_modal=\u00bbon\u00bb da_is_singular=\u00bboff\u00bb da_with_loader=\u00bboff\u00bb da_has_shadow=\u00bbon\u00bb][et_pb_row _builder_version=\u00bb4.16&#8243; _module_preset=\u00bbdefault\u00bb global_colors_info=\u00bb{}\u00bb][et_pb_column type=\u00bb4_4&#8243; _builder_version=\u00bb4.16&#8243; _module_preset=\u00bbdefault\u00bb global_colors_info=\u00bb{}\u00bb][et_pb_text _builder_version=\u00bb4.16&#8243; _module_preset=\u00bbdefault\u00bb global_colors_info=\u00bb{}\u00bb]<\/p>\n<p class=\"p1\">Green Please for the kids nace en Chile el a\u00f1o 2019 con el objetivo de promover el bienestar para la ni\u00f1ez a trav\u00e9s de las artes, educaci\u00f3n, la difusi\u00f3n, el apoyo directo y la creaci\u00f3n de redes para fomentar un estilo de vida colaborativo y reflexivo y as\u00ed contribuir a la protecci\u00f3n del buen vivir, nuestro h\u00e1bitat y la ciudadan\u00eda del futuro.<\/p>\n<p>[\/et_pb_text][\/et_pb_column][\/et_pb_row][et_pb_row _builder_version=\u00bb4.16&#8243; _module_preset=\u00bbdefault\u00bb global_colors_info=\u00bb{}\u00bb][et_pb_column type=\u00bb4_4&#8243; _builder_version=\u00bb4.16&#8243; _module_preset=\u00bbdefault\u00bb global_colors_info=\u00bb{}\u00bb][et_pb_text _builder_version=\u00bb4.16&#8243; _module_preset=\u00bbdefault\u00bb header_2_font=\u00bb||||||||\u00bb header_3_font_size=\u00bb14px\u00bb global_colors_info=\u00bb{}\u00bb]<\/p>\n<h2 class=\"p1\">BENEFICIARIES<\/h2>\n<h2 class=\"p1\"><\/h2>\n<p class=\"p1\">Children and adolescents 2 to 18 years residing in national territory and significant adults that accompany its development.<\/p>\n<p>[\/et_pb_text][\/et_pb_column][\/et_pb_row][et_pb_row column_structure=\u00bb3_5,2_5&#8243; make_equal=\u00bbon\u00bb _builder_version=\u00bb4.16&#8243; _module_preset=\u00bbdefault\u00bb global_colors_info=\u00bb{}\u00bb][et_pb_column type=\u00bb3_5&#8243; _builder_version=\u00bb4.16&#8243; _module_preset=\u00bbdefault\u00bb global_colors_info=\u00bb{}\u00bb][et_pb_image src=\u00bbhttps:\/\/greenpleaseforthekids.org\/wp-content\/uploads\/2021\/08\/queNosDiferencia2.svg\u00bb title_text=\u00bbqueNosDiferencia2&#8243; _builder_version=\u00bb4.16&#8243; _module_preset=\u00bbdefault\u00bb custom_padding=\u00bb|90px||90px|true|true\u00bb custom_padding_tablet=\u00bb|50px||50px|true|true\u00bb custom_padding_phone=\u00bb|0px||0px|true|true\u00bb custom_padding_last_edited=\u00bbon|phone\u00bb global_colors_info=\u00bb{}\u00bb][\/et_pb_image][\/et_pb_column][et_pb_column type=\u00bb2_5&#8243; _builder_version=\u00bb4.16&#8243; _module_preset=\u00bbdefault\u00bb custom_css_main_element=\u00bbdisplay: flex;|| flex-direction: column;|| justify-content: center;\u00bb global_colors_info=\u00bb{}\u00bb][et_pb_text _builder_version=\u00bb4.16&#8243; _module_preset=\u00bbdefault\u00bb header_2_font=\u00bb||||||||\u00bb global_colors_info=\u00bb{}\u00bb]<\/p>\n<h2>WHAT MAKES US DIFFERENT?<\/h2>\n<p class=\"p1\">Somos mujeres y ni\u00f1as promoviendo la educaci\u00f3n para la valoraci\u00f3n de la diversidad, del medio ambiente y la ciudadan\u00eda, y \u00a0para la valoraci\u00f3n y el ejercicio del bienestar subjetivo y del bienestar global.<\/p>\n<p>[\/et_pb_text][\/et_pb_column][\/et_pb_row][et_pb_row _builder_version=\u00bb4.16&#8243; _module_preset=\u00bbdefault\u00bb global_colors_info=\u00bb{}\u00bb][et_pb_column type=\u00bb4_4&#8243; _builder_version=\u00bb4.16&#8243; _module_preset=\u00bbdefault\u00bb global_colors_info=\u00bb{}\u00bb][et_pb_text _builder_version=\u00bb4.16&#8243; _module_preset=\u00bbdefault\u00bb header_2_font=\u00bb||||||||\u00bb global_colors_info=\u00bb{}\u00bb]<\/p>\n<h2>WHO ARE WE?<\/h2>\n<p class=\"p1\">We are a non-profit organization with a collaborative team of women and with a Creative Team of girls. Our Creative Team is comprised of girls because our belief is connected with the listener, the recognition and the development of ideas and their sensitivities own childhood and the girls that make up this group.\u00a0<\/p>\n<p>[\/et_pb_text][\/et_pb_column][\/et_pb_row][et_pb_row column_structure=\u00bb3_5,2_5&#8243; _builder_version=\u00bb4.16&#8243; _module_preset=\u00bbdefault\u00bb global_colors_info=\u00bb{}\u00bb][et_pb_column type=\u00bb3_5&#8243; _builder_version=\u00bb4.16&#8243; _module_preset=\u00bbdefault\u00bb global_colors_info=\u00bb{}\u00bb][et_pb_text _builder_version=\u00bb4.16&#8243; _module_preset=\u00bbdefault\u00bb header_2_font=\u00bb||||||||\u00bb global_colors_info=\u00bb{}\u00bb]<\/p>\n<h2 class=\"p1\">VISION<\/h2>\n<p class=\"p1\">Nuestra visi\u00f3n es configurarnos como una fundaci\u00f3n internacional que se desarrolla en armon\u00eda con el planeta, su biodiversidad y habitantes, articul\u00e1ndose desde el arte, la multiplicidad de saberes y el trabajo interdisciplinario para promocionar el bien com\u00fan para la tierra y quienes la habitamos.<\/p>\n<p>[\/et_pb_text][\/et_pb_column][et_pb_column type=\u00bb2_5&#8243; _builder_version=\u00bb4.16&#8243; _module_preset=\u00bbdefault\u00bb global_colors_info=\u00bb{}\u00bb][et_pb_text _builder_version=\u00bb4.16&#8243; _module_preset=\u00bbdefault\u00bb header_2_font=\u00bb||||||||\u00bb global_colors_info=\u00bb{}\u00bb]<\/p>\n<h2 class=\"p1\">PURPOSE<\/h2>\n<p class=\"p1\">Generate educational processes, spaces, spaces of reflection, and critical thinking for and with children, young people and significant adults belonging to our national territory, to foster care and the balance of diversity, both in the natural world as well as in the personal, social, and cultural for the good life and a sustainable future for our planet.<\/p>\n<p>[\/et_pb_text][\/et_pb_column][\/et_pb_row][\/et_pb_section]<\/p>","protected":false},"excerpt":{"rendered":"<p>Green Please for the KidsGreen Please for the kids nace en Chile el a\u00f1o 2019 con el objetivo de promover el bienestar para la ni\u00f1ez a trav\u00e9s de las artes, educaci\u00f3n, la difusi\u00f3n, el apoyo directo y la creaci\u00f3n de redes para fomentar un estilo de vida colaborativo y reflexivo y as\u00ed contribuir a la [&hellip;]<\/p>","protected":false},"author":1,"featured_media":0,"parent":0,"menu_order":0,"comment_status":"closed","ping_status":"closed","template":"","meta":{"_et_pb_use_builder":"on","_et_pb_old_content":"","_et_gb_content_width":"","inline_featured_image":false,"footnotes":""},"class_list":["post-95","page","type-page","status-publish","hentry"],"_links":{"self":[{"href":"https:\/\/greenpleaseforthekids.org\/en\/wp-json\/wp\/v2\/pages\/95"}],"collection":[{"href":"https:\/\/greenpleaseforthekids.org\/en\/wp-json\/wp\/v2\/pages"}],"about":[{"href":"https:\/\/greenpleaseforthekids.org\/en\/wp-json\/wp\/v2\/types\/page"}],"author":[{"embeddable":true,"href":"https:\/\/greenpleaseforthekids.org\/en\/wp-json\/wp\/v2\/users\/1"}],"replies":[{"embeddable":true,"href":"https:\/\/greenpleaseforthekids.org\/en\/wp-json\/wp\/v2\/comments?post=95"}],"version-history":[{"count":0,"href":"https:\/\/greenpleaseforthekids.org\/en\/wp-json\/wp\/v2\/pages\/95\/revisions"}],"wp:attachment":[{"href":"https:\/\/greenpleaseforthekids.org\/en\/wp-json\/wp\/v2\/media?parent=95"}],"curies":[{"name":"wp","href":"https:\/\/api.w.org\/{rel}","templated":true}]}}

<p>[et_pb_section fb_built=»1&#8243; _builder_version=»4.16&#8243; _module_preset=»default» background_enable_color=»off» custom_padding=»1px||0px|||» da_disable_devices=»off|off|off» global_colors_info=»{}» da_is_popup=»off» da_exit_intent=»off» da_has_close=»on» da_alt_close=»off» da_dark_close=»off» da_not_modal=»on» da_is_singular=»off» da_with_loader=»off» da_has_shadow=»on»][et_pb_row make_equal=»on» _builder_version=»4.16&#8243; _module_preset=»default» custom_padding=»||3px|||» global_colors_info=»{}»][et_pb_column type=»4_4&#8243; _builder_version=»4.16&#8243; _module_preset=»default» global_colors_info=»{}»][et_pb_text _builder_version=»4.16&#8243; _module_preset=»default» header_font=»|||on|||||» header_font_size=»42px» global_colors_info=»{}»]</p>
<h1>Green Please for the Kids</h1>
<p>[/et_pb_text][/et_pb_column][/et_pb_row][/et_pb_section][et_pb_section fb_built=»1&#8243; _builder_version=»4.16&#8243; _module_preset=»default» background_image=»https://greenpleaseforthekids.org/wp-content/uploads/2020/09/sol-gp.png» background_size=»initial» background_position=»bottom_right» custom_padding=»1px|||||» da_disable_devices=»off|off|off» global_colors_info=»{}» da_is_popup=»off» da_exit_intent=»off» da_has_close=»on» da_alt_close=»off» da_dark_close=»off» da_not_modal=»on» da_is_singular=»off» da_with_loader=»off» da_has_shadow=»on»][et_pb_row _builder_version=»4.16&#8243; _module_preset=»default» global_colors_info=»{}»][et_pb_column type=»4_4&#8243; _builder_version=»4.16&#8243; _module_preset=»default» global_colors_info=»{}»][et_pb_text _builder_version=»4.16&#8243; _module_preset=»default» global_colors_info=»{}»]</p>
<p class="p1">Green Please for the kids nace en Chile el año 2019 con el objetivo de promover el bienestar para la niñez a través de las artes, educación, la difusión, el apoyo directo y la creación de redes para fomentar un estilo de vida colaborativo y reflexivo y así contribuir a la protección del buen vivir, nuestro hábitat y la ciudadanía del futuro.</p>
<p>[/et_pb_text][/et_pb_column][/et_pb_row][et_pb_row _builder_version=»4.16&#8243; _module_preset=»default» global_colors_info=»{}»][et_pb_column type=»4_4&#8243; _builder_version=»4.16&#8243; _module_preset=»default» global_colors_info=»{}»][et_pb_text _builder_version=»4.16&#8243; _module_preset=»default» header_2_font=»||||||||» header_3_font_size=»14px» global_colors_info=»{}»]</p>
<h2 class="p1">BENEFICIARIES</h2>
<h2 class="p1"></h2>
<p class="p1">Children and adolescents 2 to 18 years residing in national territory and significant adults that accompany its development.</p>
<p>[/et_pb_text][/et_pb_column][/et_pb_row][et_pb_row column_structure=»3_5,2_5&#8243; make_equal=»on» _builder_version=»4.16&#8243; _module_preset=»default» global_colors_info=»{}»][et_pb_column type=»3_5&#8243; _builder_version=»4.16&#8243; _module_preset=»default» global_colors_info=»{}»][et_pb_image src=»https://greenpleaseforthekids.org/wp-content/uploads/2021/08/queNosDiferencia2.svg» title_text=»queNosDiferencia2&#8243; _builder_version=»4.16&#8243; _module_preset=»default» custom_padding=»|90px||90px|true|true» custom_padding_tablet=»|50px||50px|true|true» custom_padding_phone=»|0px||0px|true|true» custom_padding_last_edited=»on|phone» global_colors_info=»{}»][/et_pb_image][/et_pb_column][et_pb_column type=»2_5&#8243; _builder_version=»4.16&#8243; _module_preset=»default» custom_css_main_element=»display: flex;|| flex-direction: column;|| justify-content: center;» global_colors_info=»{}»][et_pb_text _builder_version=»4.16&#8243; _module_preset=»default» header_2_font=»||||||||» global_colors_info=»{}»]</p>
<h2>WHAT MAKES US DIFFERENT?</h2>
<p class="p1">Somos mujeres y niñas promoviendo la educación para la valoración de la diversidad, del medio ambiente y la ciudadanía, y  para la valoración y el ejercicio del bienestar subjetivo y del bienestar global.</p>
<p>[/et_pb_text][/et_pb_column][/et_pb_row][et_pb_row _builder_version=»4.16&#8243; _module_preset=»default» global_colors_info=»{}»][et_pb_column type=»4_4&#8243; _builder_version=»4.16&#8243; _module_preset=»default» global_colors_info=»{}»][et_pb_text _builder_version=»4.16&#8243; _module_preset=»default» header_2_font=»||||||||» global_colors_info=»{}»]</p>
<h2>WHO ARE WE?</h2>
<p class="p1">We are a non-profit organization with a collaborative team of women and with a Creative Team of girls. Our Creative Team is comprised of girls because our belief is connected with the listener, the recognition and the development of ideas and their sensitivities own childhood and the girls that make up this group. </p>
<p>[/et_pb_text][/et_pb_column][/et_pb_row][et_pb_row column_structure=»3_5,2_5&#8243; _builder_version=»4.16&#8243; _module_preset=»default» global_colors_info=»{}»][et_pb_column type=»3_5&#8243; _builder_version=»4.16&#8243; _module_preset=»default» global_colors_info=»{}»][et_pb_text _builder_version=»4.16&#8243; _module_preset=»default» header_2_font=»||||||||» global_colors_info=»{}»]</p>
<h2 class="p1">VISION</h2>
<p class="p1">Nuestra visión es configurarnos como una fundación internacional que se desarrolla en armonía con el planeta, su biodiversidad y habitantes, articulándose desde el arte, la multiplicidad de saberes y el trabajo interdisciplinario para promocionar el bien común para la tierra y quienes la habitamos.</p>
<p>[/et_pb_text][/et_pb_column][et_pb_column type=»2_5&#8243; _builder_version=»4.16&#8243; _module_preset=»default» global_colors_info=»{}»][et_pb_text _builder_version=»4.16&#8243; _module_preset=»default» header_2_font=»||||||||» global_colors_info=»{}»]</p>
<h2 class="p1">PURPOSE</h2>
<p class="p1">Generate educational processes, spaces, spaces of reflection, and critical thinking for and with children, young people and significant adults belonging to our national territory, to foster care and the balance of diversity, both in the natural world as well as in the personal, social, and cultural for the good life and a sustainable future for our planet.</p>
<p>[/et_pb_text][/et_pb_column][/et_pb_row][/et_pb_section]</p>

<p>Green Please for the KidsGreen Please for the kids nace en Chile el año 2019 con el objetivo de promover el bienestar para la niñez a través de las artes, educación, la difusión, el apoyo directo y la creación de redes para fomentar un estilo de vida colaborativo y reflexivo y así contribuir a la [&hellip;]</p>
